e b(1). Suppose 3*h = -2*k + j, h - 15 = -k + 10. Let p = -1700 - -1742. What is the greatest common divisor of p and k?
14
Let g = -61 - -69. Let h be 24/32 - (-98)/g. Suppose 36 = h*w - 12*w. Calculate the highest common divisor of w and 12.
12
Let q be 74/(-10) + -3 + (-6)/10. Let c(b) = 1 - 19*b + 17 + 20*b. Let t be c(q). What is the greatest common divisor of 35 and t?
7
Suppose 0*j = 4*j. Let q = 3 + j. Let p be 31/2 + (-11221)/3206. Calculate the highest common divisor of p and q.
3
Suppose 82*o = 103*o - 4473. What is the highest common factor of 3 and o?
3
Suppose 0 = -17*s + 123 + 115. Calculate the greatest common factor of 343 and s.
7
Suppose 12*k + 252 = 5*c + 15*k, 4*k = 16. Let d = 167 + -23. What is the greatest common divisor of d and c?
48
Let n be 319608/965*(-5)/(-2). Calculate the greatest common factor of n and 72.
36
Let t = -4118 - -4126. Calculate the greatest common factor of t and 284.
4
Suppose -4843*u = -4840*u - 34326. What is the highest common factor of u and 18?
6
Let p be 8 - (-2 + (-4 - -10)). Suppose 8 = 3*d - p. Suppose -d*v + 0*h + 184 = -4*h, -2 = -h. What is the highest common factor of v and 288?
48
Suppose 0 = -22*h + 3422 + 5290. What is the highest common divisor of 8 and h?
4
Let a = 16295 - 16195. What is the greatest common factor of a and 150?
50
Let w(b) = 3*b**2 - 5*b + 5. Let k be w(2). Let y be 25/(12 - k)*32/5. Calculate the highest common divisor of 12 and y.
4
Let p = -19 - -42. Let z = 0 + p. Suppose 2*t + 2*c + c = 515, 765 = 3*t + 2*c. Calculate the highest common factor of z and t.
23
Suppose 2*d + 5*p = -229 + 298, 0 = -2*p + 18. Let y(a) = 37*a. Let i be y(6). What is the highest common divisor of i and d?
6
Let a = -12700 + 89780. Suppose -21*d = 20*d - a. Calculate the greatest common divisor of 47 and d.
47
Let b be 1 + (-12)/20 + (-152)/(-20). Let w(k) = -39*k + 14. Let u be w(-4). Let j = -82 + u. What is the highest common factor of b and j?
8
Let r be (10/(-20) + (-29897)/(-14))*24/10. Calculate the highest common factor of r and 7.
7
Let z(g) = 217 + 57*g - 23*g - 14*g. Let u be z(0). Calculate the greatest common factor of 7 and u.
7
Let p = -789 + 1265. Suppose p = -h - 319. Let g be 6/(-8) + h/(-4). What is the highest common divisor of g and 18?
18
Suppose -z = 3*u - 89, 4*z = 3*z + 5*u + 105. Suppose 5*n = 5*y - 200, 2*y + 3*n = -y + 108. Calculate the greatest common divisor of z and y.
19
Suppose 0 = 23*u - 15*u - 8. Suppose -5*o = 2*q - 97, -6*q = o - 3*q - 22. What is the greatest common divisor of u and o?
1
Let o(f) = 9 - 374*f + 5 + 376*f. Let a be o(-3). Calculate the highest common divisor of 128 and a.
8
Let f be (51/(-6) + -2)*40/(-6). Let b be (36/(-28))/((-15)/f). What is the highest common factor of 96 and b?
6
Let c be (6/7)/((-36)/(-1344)). Suppose 0 = -3*t + f + 10, 5*t + 5*f = 18 + c. Let l(z) = 4*z + 8. Let n be l(8). What is the greatest common factor of n and t?
5
Suppose -16*g + 158 + 770 = 0. What is the highest common divisor of 7598 and g?
58
Suppose 94*y - 5508 - 4102 = 32*y. What is the greatest common factor of 93 and y?
31
Let m = 92 + -92. Suppose -3*v + 15 = m, v + 1 = 3*w - 3*v. What is the greatest common divisor of w and 105?
7
Let l = 2589 + -2342. What is the highest common divisor of 312 and l?
13
Let s(v) = -36*v - 246. Let t be s(-7). Let o be 16/3 + (-2)/t. What is the highest common divisor of o and 125?
5
Let j be (-462)/88 + (-2)/(-8). Let g be (-4)/(-1 - j)*(-1 + -40). Suppose -3 = -4*k + g. What is the highest common divisor of k and 33?
11
Suppose 0 = -6*c - 2*c + 312. Let d = c - 29. Suppose 4*f + 6*f = d. What is the greatest common factor of 1 and f?
1
Let z = -3997 + 4341. What is the highest common divisor of z and 5332?
172
Let n(k) = 2*k**2 - 28*k + 44. Let b be n(12). Let d be b - (-1 + 7 - 145). What is the highest common divisor of d and 45?
45
Suppose 0 = -36*h + 34*h + 566. Let n = h + -231. Calculate the greatest common factor of 12 and n.
4
Let o = 18037 + -10379. Calculate the greatest common factor of o and 28.
14
Suppose 2*h + 5*c = 79, -213 = -h + 4*c - 167. What is the highest common divisor of 651 and h?
21
Suppose -5*h = -0*h - 1545. Suppose 62718 + 27619 = 1067*r - 19564. Calculate the greatest common divisor of r and h.
103
Suppose -11*y = 21*y - 7488. Calculate the highest common factor of y and 585.
117
Suppose -21161*u = -21076*u - 2380. Let x be (-3)/(-2)*2/3. Let i be x + 0 + 1 + 2. Calculate the highest common divisor of i and u.
4
Suppose 0 = 2*c + 4, 25*q + 4*c = 26*q - 28. Let v be (-70)/3*(-13 - -1). Calculate the greatest common factor of q and v.
20
Let q(g) = 212*g - 1831. Let r be q(23). What is the highest common factor of 812 and r?
203
Let x = 78 - 98. Let y be (-144)/(-40)*x/6. Let w be (30/y)/(1/(-14)). Calculate the greatest common factor of w and 245.
35
Let l = -8 - -56. Let o = l - 42. Let n = -2 + 6. Calculate the greatest common divisor of n and o.
2
Let j(d) = 4*d**3 + d**2 - 4. Let l = 73 - 71. Let n be j(l). Let h = -186 + 266. What is the highest common factor of n and h?
16
Let v be 10 + (-8 - -6 - 1*-3). Suppose v*u - 19*u = -2392. Calculate the highest common factor of 23 and u.
23
Let r be (11/(-3))/((-3)/(-513)). Let s be (4/(-18) + (-3)/27)*r. Calculate the highest common factor of s and 11.
11
Let z be 80/(((-222)/(-72))/37). Let j = 155 + -125. Calculate the greatest common factor of z and j.
30
Let z = 36 + -35. Let t be 42 + 4/(-2)*z. Suppose -t = -10*i + 9*i. Calculate the greatest common divisor of i and 5.
5
Let g = 11344 + -10434. Calculate the greatest common divisor of 2002 and g.
182
Let k(l) = -l**3 + 5*l**2 + 19*l - 5. Let j be k(-3). Calculate the greatest common factor of j and 905.
5
Let c(p) = 4*p**2 + 12*p + 25. Let b be c(-4). Let i = b + 3. Calculate the highest common divisor of i and 8.
4
Let n = 174 + -108. Let j = -30 + n. Suppose j = -2*h + 5*h + 4*u, 0 = -3*h + 2*u + 36. What is the greatest common factor of h and 108?
12
Suppose 33 = o - 5*c, -3*c = 5*o - c - 165. Let j(t) = 3*t - o + 9*t + 13. Let v be j(10). What is the greatest common factor of v and 10?
10
Let g = -36618 - -36924. Let q(v) = 137*v**2 + 2*v + 1. Let f be q(-1). What is the greatest common divisor of g and f?
34
Suppose 3738 = -275*f + 364*f. What is the highest common factor of 13874 and f?
14
Let y be (25/(-20))/((-4)/16). Suppose 4*p + 32 = 5*t - 3*t, 4*t - 67 = y*p. Suppose 5*n - 444 = -84. Calculate the highest common factor of t and n.
18
Let j be (16/2)/((-64)/(-32)). Let b = 16 + -11. Suppose j = t - b. What is the greatest common factor of t and 9?
9
Suppose -5*w + 2*p - 7 = -22, 4*p - 25 = -w. What is the greatest common factor of w and 580?
5
Suppose -3*p + 18 = 0, -2*t + 2*p + 703 = -1193. Calculate the highest common divisor of 583 and t.
53
Suppose -3*x = -3*k - 189, -x - 5*k - 21 = -66. Suppose -4*w - 12 = -6*w. Suppose -26 - 94 = -w*j. What is the greatest common factor of x and j?
20
Let a = 7797 - 7720. Let m be -35*(2 - (-56)/(-20)). What is the highest common divisor of m and a?
7
Let l(x) = 24*x - 2116. Let i be l(89). What is the greatest common factor of i and 90?
10
Let p = 859 + -859. Suppose 4*h - 4720 = -l, p*h + 3*h - 3540 = -4*l. What is the highest common divisor of h and 59?
59
Let q(f) = 124*f - 640. Let m be q(6). Calculate the greatest common factor of m and 832.
104
Let i(z) = 7*z + 4. Let n be i(0). Suppose 224 = n*j - 2*v, -v - 94 - 128 = -4*j. What is the greatest common factor of j and 45?
5
Suppose 0 = u + 5*b - 95, b - 33 = 4*u - 308. Let i be 79788/2943 + 8/9. What is the highest common factor of i and u?
14
Suppose 42*s - 1044 = 13*s. Let t = -531 - -1011. What is the greatest common factor of t and s?
12
Suppose -58*c + 20407 = 11*c - 25340. Calculate the greatest common factor of 102 and c.
51
Let j = 282 + -158. Suppose y + l - 757 = 0, -2*l = 4*y - y - 2268. Suppose -y = -2*q - j. What is the greatest common divisor of q and 45?
45
Suppose -4*x + 128 = 356. Let m = -337 + 225. Let f = x - m. What is the highest common factor of 22 and f?
11
Suppose -2 = -4*u + 2*z + 8, -u - 2 = -2*z. Suppose 0 = -u*f - 3*h - 182 + 716, 5*f - 679 = 2*h. What is the greatest common divisor of f and 60?
15
Let p(d) = -d**3 - 40*d**2 - d - 3